 = 2*m(q) - o(q). What is the remainder when h(0) is divided by n(7)?
10
Suppose -4*o + 15 = 3. Suppose o*t - 12 = -t. What is the remainder when 3 is divided by t?
0
Suppose -4*z = b + 18, 3*z + 1 = 5*b - 1. What is the remainder when 44 is divided by (-3 + 18/z)*-2?
14
Let j be (-1)/((1 - 5)/(-204)). Let b = 59 + j. What is the remainder when 14 is divided by b?
6
Let l = 1071 + -890. What is the remainder when l is divided by 88?
5
Suppose 0 = -16*z + 7*z + 45. Suppose 0 = -z*p + 5*b + 50, -3*b = 3*p - 4*b - 28. Let h = 21 - 5. What is the remainder when h is divided by p?
7
Suppose 0 = 5*s + 20 + 10. Let b be ((-15)/s)/(-5)*-6. Suppose -b*x + 66 = 3*r, 0 = -x + 2*r + 16. Calculate the remainder when x is divided by 11.
9
Let a = 179 + 88. What is the remainder when a is divided by 17?
12
Let h(c) = 9*c + 637. Calculate the remainder when h(-36) is divided by 61.
8
Let x(k) = 4*k**3 - 5*k**2 - 31*k + 72. What is the remainder when 184 is divided by x(2)?
8
Let m = -31 + 36. Suppose 2*r = s + 15 + 20, -m = s. Calculate the remainder when 55 is divided by r.
10
Let u = 434 + -256. Suppose 0 = -7*q + u + 179. Calculate the remainder when q is divided by 14.
9
Let b(z) = 10*z + z**3 - 11*z**2 + 19 - 5*z + 2*z + 2*z**2. Calculate the remainder when 18 is divided by b(8).
7
Let h = 36 + -20. Let z(i) = -4 - 2 - 9*i - h*i + 1. Calculate the remainder when z(-2) is divided by 16.
13
Suppose -54 = -3*k + 9. Suppose -2*q = 4*o - 148 + 8, 3*q - 4*o = 260. What is the remainder when q is divided by k?
17
Let y = -1 + 1. Suppose 3 = -3*p - 3*n + 36, 22 = 2*p + n. Calculate the remainder when p is divided by (-1)/(y + 3/(-18)).
5
Let z(b) = 5*b - 6. Let p be z(6). Suppose -11 = -5*r + p. Calculate the remainder when 19 is divided by r.
5
Suppose -378 - 403 = 11*b. Calculate the remainder when (b*1)/((-2)/(4 - 2)) is divided by 37.
34
Let p be (-1)/(-3*(-4)/696). Let q = -25 - p. Calculate the remainder when (-6)/(-15)*5 + q is divided by 12.
11
Let y = -915 - -949. What is the remainder when 93 is divided by y?
25
Let r = 340 - 236. What is the remainder when r is divided by 30?
14
Suppose a + 4*a - 410 = 0. Calculate the remainder when a is divided by 78/(-585) + 2219/105.
19
Suppose 96 = -5*q + 936. Suppose 4*i - q = -56. Calculate the remainder when i is divided by (-42)/(-4) + ((-55)/10 - -5).
8
Let f = -1605 + 1648. Calculate the remainder when 475 is divided by f.
2
Suppose 0 = -2*y + m - 5, -3*m + 15 = -y - 2*y. Suppose y*k = 2*k - 4*t - 110, -4*t - 171 = -3*k. Calculate the remainder when k is divided by 21.
19
Suppose 0*p - 7 = -i - p, -2*i = -5*p - 21. Suppose -10*u = -8*u, -29 = -t + 3*u. What is the remainder when t is divided by i?
5
What is the remainder when 2/(-18) - 31850/(-315) is divided by 30?
11
Let p(u) = u**2 - 11. Let w be p(0). What is the remainder when ((-404)/303)/(-1 + 11/15) is divided by (-1)/(-3) + w/(-3)?
1
Suppose 0 = 2*v + 23*a - 26*a - 1185, -1182 = -2*v + 4*a. What is the remainder when v is divided by 12?
9
Let b = -1367 - -1369. What is the remainder when 17 is divided by b?
1
Let r(p) = -16*p - 23. What is the remainder when r(-5) is divided by 29?
28
Suppose -2*w + 3*w = 52. Let j(f) = -7*f**3 + f**2 - f + 4. What is the remainder when j(-3) is divided by w?
49
Let s(u) = -u**3 + 7*u**2 + 3*u - 5. Let t be s(6). Let q = t - 46. Calculate the remainder when q is divided by 2.
1
Let c(s) = -102*s + 313. Calculate the remainder when 13 is divided by c(3).
6
Let o(d) = d**3 + 17*d**2 + 12*d - 59. What is the remainder when 10 is divided by o(-16)?
0
Suppose 4*a - 29 - 11 = 0. Suppose 14 = -2*o - a. What is the remainder when (o + (-4)/4)/(-1) is divided by 5?
3
Suppose -2*u + 3*d = -82, 2*u - 5*d = -0 + 82. What is the remainder when 80 is divided by u?
39
Let u = 160 - 151. Calculate the remainder when 242/6 + (-12)/(-18) is divided by u.
5
Suppose -1200 = 7*d - 47*d. What is the remainder when 118 is divided by d?
28
Suppose -5*g + 202 = 3*h - 1120, 2*g + 437 = h. Calculate the remainder when h is divided by 40.
39
Suppose -9*d = -4*d - 280. Suppose -3*y - 5*y = -d. Calculate the remainder when 19 is divided by y.
5
Suppose 3*j + 2*u = -3*u + 158, 3*u = -j + 46. What is the remainder when j is divided by 6 - 5 - (-22 - -1)?
17
Suppose 3*i = -2*m + 5, -40 = -3*m - m + 4*i. Suppose m*r - 2*r + 15 = 5*b, -b - r + 3 = 0. Calculate the remainder when 4 is divided by b.
1
Let r = -1181 + 1938. Calculate the remainder when r is divided by 10.
7
Suppose -3*n = -5*q - 59, -49 = 4*q - 6*n + 3*n. Let a be 2/(-6) + q/6. What is the remainder when 87 is divided by (0 - 6/a) + 19?
21
Suppose -2*s + 4*m = -14 - 12, -28 = -s + 5*m. Suppose 7*b - s*b = -2*d + 54, 2*d - 4*b = 62. What is the remainder when d is divided by 15?
14
Suppose -10*c + 1138 = -1012. What is the remainder when c is divided by 27?
26
Suppose -163*z = -177*z + 2086. What is the remainder when z is divided by 39?
32
Suppose 9*c - 5*c - 8 = 0. Let h be (5 + 1)/(1/(-2)). What is the remainder when 49 is divided by (h - 1)*c/(-2)?
10
Let y(g) = -g**2 + 16*g - 12. Calculate the remainder when 89 is divided by y(6).
41
Suppose -l + 5*r + 88 = 0, -4*l + r + 0*r = -352. Let o = l - 14. Suppose 5*b - 4*c = 113, 0*b - 112 = -4*b - 4*c. What is the remainder when o is divided by b?
24
Let t = 366 - 346. Calculate the remainder when 198 is divided by t.
18
Let b = -62 + 48. Calculate the remainder when 7698/42 + (46/b - -3) is divided by 31.
28
Let n be ((28 - 3) + -3)*-1. What is the remainder when -1*n/(5 + -3) is divided by -4 + -4 + 4 - -11?
4
Let v(d) = -d - 2. Let h be v(-1). Let p = -15 + 22. Calculate the remainder when (-24)/h - -1*3 is divided by p.
6
Suppose -4*f - 376 = -2*h, 15 = 7*f - 2*f. Suppose 0 = -5*y, 5*i - h = 5*y - 24. Calculate the remainder when i is divided by 6.
4
Let x = 147 + -102. Suppose -164 = -4*c - 2*i + 130, -c = 5*i - 51. Suppose 0 = -5*k + c - 16. Calculate the remainder when x is divided by k.
9
Let o(n) = n**2 + n + 2. Let t be -3 + 1 + 3 + 47. Suppose 4*i - 7*i = -t. What is the remainder when o(6) is divided by i?
12
Suppose 4*r + l = 2*l + 337, -5*r + 435 = -4*l. What is the remainder when r is divided by 17?
15
Let v = -4 + 4. Suppose -z = -1, v*z + 274 = 5*n - z. Let l(y) = y**3 + 5*y**2 + 2*y + 2. What is the remainder when n is divided by l(-3)?
13
Suppose 8*w = 3*w + 3*z + 70, -6*z = -4*w + 56. Calculate the remainder when 284 is divided by w.
4
Suppose 10*c - 12*c - m = -114, -4*m = 2*c - 114. Calculate the remainder when c is divided by 42.
15
Let o be (-30 + 0)*(-14)/21. Let x be (-80)/(-3)*60/25*1. Suppose 5*k = 4*j - 65 - o, 3*j - 4*k - x = 0. What is the remainder when 38 is divided by j?
18
Let b = -1562 - -1864. What is the remainder when b is divided by 21?
8
Suppose 0 = -4*r + 10 + 10. Suppose r*c - 2*c = 162. Suppose 0*b = -b + c. What is the remainder when b is divided by 11?
10
Let m(r) = 17*r**2 - r + 2. Let n be m(1). Let c be 6/(-27) + (-356)/n. What is the remainder when (c/6)/(6/(-198)) is divided by 28?
26
Suppose -2*k - 3*k = -185. Suppose 4*o - 15 - k = 0. Let t = -220 + 271. Calculate the remainder when t is divided by o.
12
Suppose -5*h + 2*q + 59 + 3 = 0, 0 = 5*h + 4*q - 56. Let g be (-5 - -14)/(0 + -1). What is the remainder when (-1)/(-3) - 402/g is divided by h?
9
Suppose -5*n = -3*y - 240, -3*n + 51 = 5*y - 59. Calculate the remainder when n is divided by 16.
13
Suppose 3*q - 247 = 209. Suppose -4*d = -0*d - q. Let a(r) = -r**3 - r + 20. Calculate the remainder when d is divided by a(0).
18
Suppose 0 = 3*x - 15. Let q(b) = 49*b - 5. Let n be q(x). Suppose -5*h = -h - n. What is the remainder when h is divided by 21?
18
Suppose 0 = 16*k - 12*k - 268. Calculate the remainder when k is divided by 25.
17
Suppose -c - 4*i + 45 = 0, 0 = 5*i - 8 - 2. What is the remainder when 161 is divided by c?
13
Let b(c) = c**3 - 21. Let l be b(0). Let k be ((-24)/16)/(2/(-52)). Let w = l + k. What is the remainder when w is divided by 5?
3
Let f be (-4 - 18/(-5))*-40. Let r(h) = -h**3 + 4*h**2 - 3*h - 1. Let m be r(3). Let c = m + f. Calculate the remainder when 29 is divided by c.
14
Suppose -33 = -3*m - 3*r, -m - r + 35 = 2*m. What is the remainder when 37 is divided by m?
1
Suppose -20*t + 2201 = 301. What is 